). Is (-4)/(-6)*342/b a composite number?
False
Let i(n) = 0 + 0*n - n - 1 + 2. Is i(-1) composite?
False
Suppose 5*k - 2*t - 55 = 0, 2*k + 5*t - 5 = -12. Let a(o) = 2*o + 1. Is a(k) a composite number?
False
Let i(h) = 2*h**3 + 2*h + 11. Is i(12) a composite number?
False
Let p(n) = -n**3 + 5*n**2 - 3*n - 4. Let r be p(4). Let g be (-7 + 5)/(-1 - r). Is -1 + g + 2 + 7 composite?
True
Let b(r) be the second derivative of -3*r**3 - r**2 + 2*r. Is b(-6) a prime number?
False
Let m(o) = -38*o - 5. Let c(g) = 114*g + 16. Let q(y) = 4*c(y) + 11*m(y). Is q(10) a prime number?
True
Let j(m) be the second derivative of 3*m**5/10 + m. Let v = 12 + -11. Is j(v) prime?
False
Let d(l) = -l**3 - 7*l**2 + 6. Suppose -7 = 2*b + 7. Let n be d(b). Suppose 2*t + 60 = n*t. Is t prime?
False
Let y(x) = -21*x - 4. Suppose 2*v - 8 = -2*v. Suppose 0*w = -v*w - 6. Is y(w) a prime number?
True
Suppose 0*o + 4*o = 76. Suppose -o + 63 = 2*p. Is p prime?
False
Suppose -4*p + 0*p = 0. Let t = 0 - -3. Suppose 4*u - 3*u = -3*v + 12, -3*v - t = p. Is u composite?
True
Let o = 13 - 9. Suppose -1412 = -o*l - f, f = -6*l + l + 1765. Is l a composite number?
False
Let r(d) = 4*d**2 - d + 1. Let l = -1 - -2. Let w be r(l). Suppose w = i - 3. Is i a prime number?
True
Let p(z) = 74*z**2 + 4*z - 5. Is p(2) prime?
False
Is 59/(-4)*12/(-3) prime?
True
Suppose 5*o + 981 = 14*o. Is o a prime number?
True
Let i(w) = -w**3 + w - 1. Let p be i(-2). Suppose -p*h = 2*l - 345, -3*h + 261 = 3*l + 45. Is h a prime number?
True
Suppose -2*u - 2*u - 5*x = 17, -4*u - 2 = 2*x. Suppose -101 = -0*l - 2*l + d, 190 = 4*l + u*d. Suppose -3*f - 2*i = -199, 4*i + 22 = f - l. Is f a prime number?
True
Let k(p) = -104*p - 3. Let b be k(-2). Suppose 0 = 2*u - u - b. Let g = u + -128. Is g a prime number?
False
Suppose -5*n - 3*j + 10 = 0, j + 0*j = -4*n + 15. Suppose 29 = n*r - 31. Suppose c - r = -c. Is c prime?
False
Let t be (-1)/4 + (-26)/(-8). Suppose -5*g + 243 = t*k, -392 = -5*k - 3*g - g. Let p = -37 + k. Is p a composite number?
True
Suppose 7*k - 12 = 4*k - 3*q, 0 = 2*k + 4*q - 12. Let p = 1033 - 729. Suppose 4*f + 16 = 0, k*d - 5*f - p = -126. Is d prime?
True
Let o(n) = -n**2 - 2*n + 3. Let t be o(-3). Suppose t = -2*j + j + 223. Is j prime?
True
Suppose 2*t - 74 + 8 = -5*p, 2*p + 5*t - 39 = 0. Suppose -f = -4*f + p. Suppose r = -4*s + 92, 0*r = -f*r. Is s prime?
True
Suppose -t - l = -5*t + 2458, -t = 2*l - 610. Is t prime?
False
Suppose -62*d = -60*d - 1466. Is d prime?
True
Let x = 4967 - 2914. Is x composite?
False
Let m = 1204 + -451. Let i = m - 530. Is i composite?
False
Suppose -2*c = 2*c - 4328. Is c prime?
False
Let r be ((-86)/4*-4)/1. Suppose 5*o - r = 209. Is o composite?
False
Suppose a - 5*i + 13 = 0, 0 = -0*a + 3*a + 4*i - 18. Let r = -7 + 12. Suppose -l - 105 = -a*j, 2*l - 4*l - 265 = -r*j. Is j prime?
False
Let n be (-4)/(-10) + 77/(-55). Is 61*1 + 2 + n composite?
True
Is 2*(-3 - -4) + 417 a prime number?
True
Suppose 32*f = 29*f + 474. Is f prime?
False
Let l be 4/14 + (-95)/(-35). Suppose 0*u - l = -u. Suppose u*o = 2*o + 55. Is o a composite number?
True
Suppose 580 = 4*s + 2*m, 5*s - s - 556 = 4*m. Is s composite?
True
Suppose 2*r = -2*c + 6*c + 12, -r + 10 = -4*c. Suppose -32 = -r*o - a + 5, -5*o = a - 100. Is o a composite number?
True
Let h = -406 - -237. Let q = -16 + h. Is (-4)/2 - q/5 a composite number?
True
Let u = 6 + 0. Suppose -2*x + 76 = 5*p, -u = -x - 4*p + 35. Is x a composite number?
True
Let n be (-3)/(-9) - (-460)/6. Let w(m) = -12*m**2 + 2. Let a be w(2). Let v = a + n. Is v prime?
True
Suppose -5*m + 6*m + 5*x = 29, -4*x + 16 = -m. Suppose -6*b = -m*b - 44. Suppose -b = -2*a - 4. Is a a prime number?
False
Is (27/(-18))/(2/(-3524)) prime?
False
Suppose -2*p + 360 = 4*l, -4*p + 206 = -5*l - 488. Let o be p/2 + (1 - 2). Let x = o + -10. Is x a composite number?
True
Is 3116/6*21/14 prime?
False
Suppose 4*d - 2 = -26. Let t(j) = -j**3 + 8*j**2 + 5*j - 7. Is t(d) prime?
True
Suppose 2 = x + 4. Let l be 20/15*9/x. Let w(s) = -s**2 - 8*s + 1. Is w(l) a prime number?
True
Let b(x) be the first derivative of -1/2*x**2 - x**3 + 1 - 5*x - 1/4*x**4. Is b(-6) a prime number?
True
Suppose -2*s - s - 2*m + 167 = 0, 5*m = 2*s - 86. Is s composite?
False
Suppose -x + 304 = -1. Is x composite?
True
Suppose -2*i - 4 = 0, 3*m - 2678 = -i + 2*i. Is (-1)/5 + m/10 prime?
True
Let u(f) = -2*f**3 + 4*f**2 + 2*f - 4. Let x be u(3). Suppose 258 = g + g. Let l = x + g. Is l a prime number?
True
Let w = -232 + 1367. Is w a composite number?
True
Let f(m) = 11*m**2 - m - 1. Let k be f(-1). Suppose 0 = -2*n - 13 + 65. Let x = k + n. Is x prime?
True
Let p(y) = y**3 + 16 + 6 - 2*y**3 + 11 - y. Is p(0) a prime number?
False
Let j(b) = 105*b - 1. Is j(4) a prime number?
True
Suppose -t - 3*u + 277 = -7*u, -4*t + 1156 = -4*u. Is t prime?
True
Is (-1)/(-3) + (-1400)/(-30) composite?
False
Suppose t + 5*m - 9 = 0, 3*t + 3*m = -4 - 5. Let s(c) = 1 + 0*c + c**2 + 0*c. Is s(t) prime?
True
Let j(q) = -q**3 + 3*q**2 - q + 6. Is j(-5) a composite number?
False
Let q(b) = -4*b - 7. Let c(h) = -5*h - 8. Let j(y) = -2*c(y) + 3*q(y). Let o be j(-6). Is (-1)/(-1 + 6/o) a composite number?
False
Let o = 210 - 1390. Let v = -627 - o. Is v a prime number?
False
Suppose 129 - 1710 = -3*s. Is s a composite number?
True
Let o be (-2 + 4/1)/2. Is (-1)/o*(-3 - 34) a prime number?
True
Suppose 20 = -y + 5*y, 5*i + y = -135. Let r be (-147)/i - (-2)/(-8). Suppose 2*j = -5*p + 3*j + 164, 0 = p - r*j - 28. Is p composite?
True
Suppose -2*q + 4*q + 514 = 0. Let n = -172 - q. Is n a prime number?
False
Let l(q) = q**3 - 10*q**2 + 9*q - 1. Let s be l(9). Let u be (54/7)/(s/(-7)). Suppose 0 = -4*b + 3*o + 79, 6*b + 3*o = 3*b + u. Is b a prime number?
True
Suppose 3*c + 3*l = 12, -12 = -3*c - 2*l + 3. Suppose 2*q - c*q = -235. Is q a prime number?
True
Let o be (-4)/(-18) + 4/(-18). Suppose 4*l = -o*l. Is 11*9 - (2 - l) composite?
False
Is -1*2*(-54)/12 prime?
False
Suppose -2*y + 1796 = -750. Let g = -764 + y. Is g prime?
True
Let g be 82/(3 - 11/4). Suppose -116 = -4*d + 4*w + g, -3*d - 3*w = -345. Is d prime?
True
Let k = 65 + 20. Suppose -2*v + k = -113. Suppose q - 95 = -4*b, -3*q - 16 = -4*b + v. Is b prime?
False
Let q = 919 + -518. Suppose 0 = -2*t - 4*l + 3*l + q, -5*t + 4*l + 1035 = 0. Is t a prime number?
False
Suppose 5*h - 8*x + 3*x = 2690, 3*h = 4*x + 1615. Is h composite?
True
Let s(m) = m + 151 - m**2 + 0*m**2 - 2. Is s(0) a prime number?
True
Let r(z) = z**3 + 12*z**2 + 8*z + 4. Is r(-11) prime?
True
Let d(j) = -5*j**3 - 3 - 3*j**2 + 3*j - 5*j - 3*j. Let s be d(-3). Is 2 + s + -1 + 0 a prime number?
False
Is 1/((-2)/(-4114)) + -4 a prime number?
True
Suppose q - 44 = 2*z, 5*q - 4*z = -93 + 325. Let d = 133 - q. Is d prime?
False
Suppose 4*g - 367 = 2*r + r, 5*g = 2*r + 247. Let l = 230 - r. Suppose l = 6*c - c + 3*m, -4*c - 2*m + 280 = 0. Is c prime?
False
Suppose 0 = s - 5*s + 8. Suppose -s*u + 3 = -103. Is u a prime number?
True
Is 10/(-6) + 1 - 164516/(-12) a prime number?
True
Let s = 391 - 200. Is s a composite number?
False
Suppose -2*q + t + 42 = 0, 2*q + 62 = 5*q - 2*t. Suppose -26 = 5*u + 3*k, -u - 5*k = 2*u + q. Is 2/u - 219/(-2) composite?
False
Let t(p) = 14*p**2 + p + 2. Is t(-1) a prime number?
False
Let w = -18 + 4. Let g = -40 + w. Let a = 145 + g. Is a a composite number?
True
Suppose 0 = -5*c - x + 2097, 0*c + 4*c - 1682 = -3*x. Is c composite?
False
Let j(f) = 41*f + 9. Let t be j(7). Let h be 2/(-6) + t/24. Suppose -h = 4*n, 0 = 5*q - 3*n - 124 - 220. Is q a prime number?
True
Suppose 477 + 285 = 2*v. Let q = -190 + v. Is q composite?
False
Let b = 2501 + -1414. Is b composite?
False
Let o(d) = d**2 + 9*d + 4. Let c be o(-9). Suppose -5*f - 163 = -c*l, -l - l + 4*f = -74. Is l composite?
False
Let n = -34 + 23. Let b(t) = -2*t + 12. Is b(n) a composite number?
True
Let y = -36 - -115. Is y composite?
False
Let k(p) = p**2 - 4*p + 4. Let s = -10 - -5. Is k(s) a prime number?
False
Suppose 0 = -3*f - 0*f + 4*m + 1197, 3 = -m. Suppose -2*q + 27 = -f. Is q a prime number?
True
Let x(w) = -w + 955. Is x(0) a prime number?
False
Suppose 4*m - 2*m - 6 = -2*d, 3*d = 4*m + 23. Is 234 + 0 + m + 1 composite?
False
Suppose 3*r + 2 = -5*b - 23, -7 = r + b. Let i = r + 19. Is i prime?
Fals